{"id":16,"date":"2016-03-29T15:10:06","date_gmt":"2016-03-29T13:10:06","guid":{"rendered":"https:\/\/resotech.pl\/?page_id=16"},"modified":"2016-03-30T15:51:04","modified_gmt":"2016-03-30T13:51:04","slug":"resotechlab","status":"publish","type":"page","link":"https:\/\/resotech.pl\/?page_id=16","title":{"rendered":"ResotechLAB"},"content":{"rendered":"[vc_row][vc_column width=&#8221;2\/3&#8243;][vc_column_text]Za cel bezpo\u015bredni ResotechLab nale\u017cy uzna\u0107 zwi\u0119kszenie potencja\u0142u badawczo \u2013 rozwojowego sp\u00f3\u0142ki oraz stworzenie innowacyjnych produkt\u00f3w, kt\u00f3re Resotech b\u0119dzie m\u00f3g\u0142 zaoferowa\u0107 swoim Klientom<\/p>\n<p>Badania prowadzone w ramach ResotechLab koncentruj\u0105 si\u0119 na nast\u0119puj\u0105cych kierunkach:<\/p>\n<ul>\n<li>Badanie i testowania mo\u017cliwo\u015bci wirtualizacji zasob\u00f3w i aplikacji w obszarze Simple Cloud Computing for Developers.<\/li>\n<li>Badanie, testowanie stworzenia innowacyjnej platformy RapiDev.<\/li>\n<li>Techver modelowanie, projektowanie wspomaganie prototypowania zestawu narz\u0119dzi BPMS.<\/li>\n<li>Modelowanie, projektowanie obraz\u00f3w i przestrzeni w grafice 2D i 3D oraz wspomaganie prototypowania.<\/li>\n<\/ul>\n[\/vc_column_text][vc_column_text]\n<h3 id=\"wirtualizacja\">Wirtualizacja zasob\u00f3w i aplikacji w obszarze Simple Cloud Computing for Developers<\/h3>\n<p>Jednym z kierunk\u00f3w realizowanej przez Resotech strategii rozwoju firmy jest budowa, rozw\u00f3j\u00a0i sprzeda\u017c produkt\u00f3w do tworzenia wirtualnych \u015brodowisk w obszarze Simple Cloud Computing for Developers.<br \/>\nLiczba aplikacji i\u00a0rozwi\u0105za\u0144 wykorzystywanych do obs\u0142ugi proces\u00f3w biznesowych ro\u015bnie bardzo szybko. Powszechna tendencja do obni\u017cania koszt\u00f3w dzia\u0142alno\u015bci spowodowa\u0142a, \u017ce klasyczne podej\u015bcie jedna aplikacja-jeden serwer nieodwracalnie odesz\u0142o do lamusa. S\u0142u\u017cby IT stoj\u0105 przed zadaniem optymalizacji wykorzystania zasob\u00f3w sprz\u0119towych.<\/p>\n<p>R\u00f3wnie wa\u017cnym czynnikiem z\u00a0punktu widzenia prowadzonej przez organizacj\u0119 dzia\u0142alno\u015bci, jest mo\u017cliwo\u015b\u0107 szybkiego wprowadzania zmian w\u00a0\u015brodowisku teleinformatycznym. Czas dostarczenia nowej funkcjonalno\u015bci mierzony w\u00a0tygodniach lub miesi\u0105cach przestaje by\u0107 akceptowany. Dynamiczne zmiany w\u00a0otoczeniu biznesowym organizacji wymuszaj\u0105 znacznie szybsze dzia\u0142ania ze strony IT.<br \/>\nRozwi\u0105zaniem spe\u0142niaj\u0105cym rygorystyczne oczekiwania Zarz\u0105d\u00f3w i\u00a0s\u0142u\u017cb biznesowych jest wirtualizacja cz\u0119\u015bci lub ca\u0142o\u015bci zasob\u00f3w.<\/p>\n<p>Dzi\u0119ki wirtualizacji aplikacje zmieniaj\u0105 si\u0119 w\u00a0centralnie zarz\u0105dzane us\u0142ugi, kt\u00f3re nie powoduj\u0105 konflikt\u00f3w z\u00a0innymi aplikacjami. We wsp\u00f3\u0142czesnym, elastycznym \u015brodowisku pracy nowe wyzwania czekaj\u0105 zar\u00f3wno informatyk\u00f3w, jak i\u00a0u\u017cytkownik\u00f3w ko\u0144cowych. U\u017cytkownicy m\u00f3wi\u0105 wieloma j\u0119zykami, s\u0105 rozsiani po ca\u0142ym \u015bwiecie, korzystaj\u0105 z\u00a0wielu urz\u0105dze\u0144 i\u00a0nie zawsze musz\u0105 mie\u0107 po\u0142\u0105czenie z\u00a0sieci\u0105 firmow\u0105. Informatycy musz\u0105 spe\u0142nia\u0107 ich potrzeby, zapewniaj\u0105c dost\u0119p do niezb\u0119dnych aplikacji, kt\u00f3re b\u0119d\u0105 szybkie, elastyczne i\u00a0niezawodne. Wirtualizacja aplikacji pomaga sprosta\u0107 tym wyzwaniom, umo\u017cliwiaj\u0105c organizacjom bardziej elastyczne dzia\u0142anie oraz reagowanie na zmieniaj\u0105ce si\u0119 potrzeby. Dzi\u0119ki wirtualizacji na komputerach\/urz\u0105dzeniach mobilnych mo\u017cna obecnie uruchamia\u0107 wiele aplikacji i\u00a0system\u00f3w operacyjnych, a\u00a0ca\u0142a infrastruktura staje si\u0119 prostsza i\u00a0bardziej wydajna. Aplikacje s\u0105 wdra\u017cane szybciej, zwi\u0119ksza si\u0119 wydajno\u015b\u0107 i\u00a0dost\u0119pno\u015b\u0107, a\u00a0poszczeg\u00f3lne operacje s\u0105 automatyzowane, dzi\u0119ki czemu infrastruktura mo\u017ce by\u0107 \u0142atwiej implementowana oraz jest ta\u0144sza w\u00a0utrzymaniu i\u00a0zarz\u0105dzaniu.<\/p>\n<p>Producenci nowych urz\u0105dze\u0144 dost\u0119powych (desktop\u00f3w, notebook\u00f3w, tablet\u00f3w itp.) dostarczaj\u0105 je z\u00a0najnowszymi systemami operacyjnymi, rezygnuj\u0105c cz\u0119sto z\u00a0dostarczenia sterownik\u00f3w do poprzednich wersji system\u00f3w. ZS\u00a0czasem downgrade systemu operacyjnego do wersji ni\u017cszej stanie si\u0119 niemo\u017cliwy. W\u00a0sytuacji kiedy cykl \u017cycia aplikacji biznesowej jest d\u0142u\u017cszy ni\u017c systemu operacyjnego, mo\u017ce to w\u00a0praktyce oznacza\u0107 konieczno\u015b\u0107 aktualizacji aplikacji biznesowych (dostosowanie jest do aktualnej wersji systemu operacyjnego) \u2013 co z\u00a0regu\u0142y wi\u0105\u017ce z\u00a0kosztownym zakupem licencji i\u00a0kastomizacj\u0105 nowej wersji. Dla firmy oznacza to du\u017ce koszty i\u00a0dezorganizacj\u0119 pracy. A\u00a0co zrobi\u0107 z\u00a0drobnymi aplikacjami, kt\u00f3re s\u0105 wykorzystywane, a\u00a0nikt ich ju\u017c nie rozwija? Wirtualizacja aplikacji to technologia, kt\u00f3ra pozwala rozwi\u0105za\u0107 te problemy. Zwirtualizowana aplikacja pracuje w\u00a0dostosowanym \u015brodowisku, kt\u00f3re separuje j\u0105 od rzeczywistego systemu operacyjnego. Wirtualizacja aplikacji to doskona\u0142e rozwi\u0105zanie r\u00f3wnie\u017c dla aplikacji, kt\u00f3re maj\u0105 du\u017ce wymagania \u015brodowiskowe w\u00a0stosunku do systemu operacyjnego.[\/vc_column_text][vc_column_text]\n<h3 id=\"rapidev\">Stworzenia innowacyjnej platformy RapiDev<\/h3>\n<p>Celem projektu jest utworzenie platformy deweloperskiej umo\u017cliwiaj\u0105cej budow\u0119 system\u00f3w informatycznych z gotowych element\u00f3w, co zapewni kompleksow\u0105 obs\u0142ug\u0119 klient\u00f3w z jednoczesnym skr\u00f3ceniem czasu end-to-end dostawy rozwi\u0105za\u0144 i z minimalizacj\u0105 koszt\u00f3w wytworzenia.<\/p>\n<p>Przedmiotem projektu jest przygotowanie innowacyjnej platformy opartej o technologie Java Script. Celem Resotechu jest stworzenie zestawu gotowych komponent\u00f3w i funkcji, pozwalaj\u0105cych na ich wykorzystanie w nowych projektach. Dzi\u0119ki wyborowi reu\u017cywalnych komponent\u00f3w, skr\u00f3ceniu ulegnie czas tworzenia nowych system\u00f3w o 30-50%. [\/vc_column_text][vc_column_text]\n<h3 id=\"techver\">Techver inne spojrzenie na procesy<\/h3>\n<p>Techver ma by\u0107 systemem, kt\u00f3ry realizuje procesy w inny spos\u00f3b ni\u017c klasyczny BPMS. Klasyczne rozwi\u0105zania BPMS w wi\u0119kszo\u015bci stosuj\u0105 podej\u015bcie Process-Driven Approach, w kt\u00f3rym definicje proces\u00f3w s\u0105 statyczne i z g\u00f3ry znane. System Techver u\u017cywa podej\u015bcia Rules-Driven Approach, kt\u00f3re charakteryzuje si\u0119 dynamicznym budowaniem instancji proces\u00f3w na podstawie danych wej\u015bciowych, regu\u0142 dekompozycyjnych i dost\u0119pnego zbioru elementarnych podproces\u00f3w.<\/p>\n<p>Podej\u015bcie preferowane przez Techver wprowadza du\u017c\u0105 elastyczno\u015b\u0107 w budowaniu\u00a0proces\u00f3w, optymalizuj\u0105c przy tym koszty wytwarzania oraz minimalizuj\u0105c ryzyko biznesowe.<br \/>\nWady i zalety takiego podej\u015bcia s\u0105 nast\u0119puj\u0105ce:<\/p>\n<p>Zalety:<\/p>\n<ul>\n<li>zorientowanie na spe\u0142nienie regu\u0142 i potrzeb biznesowych,<\/li>\n<li>procesy modelowane s\u0105 z ma\u0142ych, funkcjonalnie niezale\u017cnych i<\/li>\n<li>przetestowanych element\u00f3w,<\/li>\n<li>optymalizacja proces\u00f3w i narzucenie reu\u017cywalno\u015bci,<\/li>\n<li>optymalizacja koszt\u00f3w wytwarzania oraz minimalizacja ryzyka biznesowego.<\/li>\n<\/ul>\n<p>Wady:<\/p>\n<ul>\n<li>wymagane s\u0105 wi\u0119ksze kompetencje analityk\u00f3w i programist\u00f3w.<\/li>\n<li>modelowanie proces\u00f3w wymaga dok\u0142adniejszej analizy regu\u0142 oraz realizacji,<\/li>\n<\/ul>\n<p>System Techver b\u0119dzie przetwarza\u0142 procesy w spos\u00f3b automatyczny. Mo\u017cliwa jest jednak swobodna integracja z systemami typu Workflow, zapewniaj\u0105cymi obs\u0142ug\u0119 human task\u00f3w.[\/vc_column_text][\/vc_column][vc_column width=&#8221;1\/3&#8243;][vc_cta h2=&#8221;Wirtualizacja Simple Cloud Computing for Developers&#8221; shape=&#8221;square&#8221; style=&#8221;flat&#8221; color=&#8221;violet&#8221; add_button=&#8221;bottom&#8221; btn_title=&#8221;Zobacz&#8221; btn_style=&#8221;flat&#8221; btn_shape=&#8221;square&#8221; btn_color=&#8221;white&#8221; btn_i_icon_fontawesome=&#8221;fa fa-circle-thin&#8221; btn_add_icon=&#8221;true&#8221; btn_link=&#8221;url:%23wirtualizacja||&#8221;]Aplikacje zmieniaj\u0105 si\u0119 w\u00a0centralnie zarz\u0105dzane us\u0142ugi, kt\u00f3re nie powoduj\u0105 konflikt\u00f3w z\u00a0innymi aplikacjami.[\/vc_cta][vc_cta h2=&#8221;Stworzenia innowacyjnej platformy RapiDev&#8221; shape=&#8221;square&#8221; style=&#8221;flat&#8221; color=&#8221;turquoise&#8221; add_button=&#8221;bottom&#8221; btn_title=&#8221;Zobacz&#8221; btn_style=&#8221;flat&#8221; btn_shape=&#8221;square&#8221; btn_color=&#8221;white&#8221; btn_i_icon_fontawesome=&#8221;fa fa-circle-thin&#8221; btn_add_icon=&#8221;true&#8221; btn_link=&#8221;url:%23rapidev||&#8221;]Innowacyjnej platformy opartej o technologie Java Script, skr\u00f3ceniu ulegnie czas tworzenia nowych system\u00f3w o 30-50%.[\/vc_cta][vc_cta h2=&#8221;Techver inne spojrzenie na procesy&#8221; shape=&#8221;square&#8221; style=&#8221;flat&#8221; color=&#8221;mulled-wine&#8221; add_button=&#8221;bottom&#8221; btn_title=&#8221;Zobacz&#8221; btn_style=&#8221;flat&#8221; btn_shape=&#8221;square&#8221; btn_color=&#8221;white&#8221; btn_i_icon_fontawesome=&#8221;fa fa-circle-thin&#8221; btn_add_icon=&#8221;true&#8221; btn_link=&#8221;url:%23techver||&#8221;]Techver wprowadza du\u017c\u0105 elastyczno\u015b\u0107 w budowaniu\u00a0proces\u00f3w, optymalizuj\u0105c przy tym koszty wytwarzania oraz minimalizuj\u0105c ryzyko biznesowe[\/vc_cta][\/vc_column][\/vc_row]\n","protected":false},"excerpt":{"rendered":"<p>[vc_row][vc_column width=&#8221;2\/3&#8243;][vc_column_text]Za cel bezpo\u015bredni ResotechLab nale\u017cy uzna\u0107 zwi\u0119kszenie potencja\u0142u badawczo \u2013 rozwojowego sp\u00f3\u0142ki oraz stworzenie innowacyjnych produkt\u00f3w, kt\u00f3re Resotech b\u0119dzie m\u00f3g\u0142 zaoferowa\u0107 swoim Klientom Badania prowadzone w ramach ResotechLab koncentruj\u0105 si\u0119 na<a class=\"moretag\" href=\"https:\/\/resotech.pl\/?page_id=16\">Read More&#8230;<\/a><\/p>\n","protected":false},"author":1,"featured_media":0,"parent":0,"menu_order":0,"comment_status":"closed","ping_status":"closed","template":"","meta":[],"_links":{"self":[{"href":"https:\/\/resotech.pl\/index.php?rest_route=\/wp\/v2\/pages\/16"}],"collection":[{"href":"https:\/\/resotech.pl\/index.php?rest_route=\/wp\/v2\/pages"}],"about":[{"href":"https:\/\/resotech.pl\/index.php?rest_route=\/wp\/v2\/types\/page"}],"author":[{"embeddable":true,"href":"https:\/\/resotech.pl\/index.php?rest_route=\/wp\/v2\/users\/1"}],"replies":[{"embeddable":true,"href":"https:\/\/resotech.pl\/index.php?rest_route=%2Fwp%2Fv2%2Fcomments&post=16"}],"version-history":[{"count":19,"href":"https:\/\/resotech.pl\/index.php?rest_route=\/wp\/v2\/pages\/16\/revisions"}],"predecessor-version":[{"id":125,"href":"https:\/\/resotech.pl\/index.php?rest_route=\/wp\/v2\/pages\/16\/revisions\/125"}],"wp:attachment":[{"href":"https:\/\/resotech.pl\/index.php?rest_route=%2Fwp%2Fv2%2Fmedia&parent=16"}],"curies":[{"name":"wp","href":"https:\/\/api.w.org\/{rel}","templated":true}]}}