{"id":87,"date":"2016-03-30T14:03:20","date_gmt":"2016-03-30T12:03:20","guid":{"rendered":"https:\/\/resotech.pl\/?page_id=87"},"modified":"2016-03-30T14:03:20","modified_gmt":"2016-03-30T12:03:20","slug":"tibco-esb","status":"publish","type":"page","link":"https:\/\/resotech.pl\/?page_id=87","title":{"rendered":"TIBCO\u00a0ESB"},"content":{"rendered":"<p>TIBCO BusinessWorks\u00a0to obecnie jedna z najbardziej rozpoznawalnych platform integracyjnych. Niew\u0105tpliw\u0105 zalet\u0105 produkt\u00f3w przygotowanych przez kalifornijskiego producenta jest r\u00f3\u017cnorodno\u015b\u0107 dostarczanych komponent\u00f3w, kt\u00f3re prawie w stu procentach wystarczaj\u0105 do zbudowania kompletnego \u015brodowiska EAI. Dodatkowym atutem, kt\u00f3ry pozwoli\u0142 na tak mocne rozpowszechnienie si\u0119 na rynku IT jest to, \u017ce filozofia przekazywania i przetwarzania danych oparta zosta\u0142a na standardzie XML w pe\u0142ni wspieranym przez XPath oraz XSLT.<\/p>\n<p>Rozwi\u0105zania integracyjne\u00a0TIBCO\u00a0oferuj\u0105 klientom:<\/p>\n<ul>\n<li>Kompletne \u015brodowisko do tworzenia, przetwarzania i integracji us\u0142ug<\/li>\n<li>Doskona\u0142\u0105 wydajno\u015b\u0107 i skalowalno\u015b\u0107 rozwi\u0105zania \u2013 nawet miliard transakcji dziennie<\/li>\n<li>SOA governance<\/li>\n<li>Elastyczno\u015b\u0107 rozwi\u0105zania \u2013 wsparcie wszystkich wiod\u0105cych standard\u00f3w: webservice \u2013\u00a0SOAP over HTTP\/S, JMS, UDDI, WSDL; protoko\u0142y komunikacyjne \u2013\u00a0HTTP\/S, FTP, SMTP, JDBC, TIBCO EMS; liczne wbudowane adaptery\u00a0(m.in. PeopleSoft, SAP, Siebel)<\/li>\n<\/ul>\n<p>Wieloletnie do\u015bwiadczenie\u00a0TIBCO\u00a0na rynku integracji stwarza klientowi mo\u017cliwo\u015bci szybkiego wdro\u017cenia integracji system\u00f3w IT zar\u00f3wno w ma\u0142ych firmach jak i du\u017cych korporacjach.<\/p>\n<p>Kompletny zbi\u00f3r informacji na temat\u00a0technologii TIBCO BusinessWorks oraz korzy\u015bci jakie mo\u017ce ona przynie\u015b\u0107 Pa\u0144stwa Firmie znajduje si\u0119 na stronie.<br \/>\n(<a href=\"http:\/\/www.tibco.com\/\" target=\"_blank\">http:\/\/www.tibco.com\/<\/a>)<\/p>\n","protected":false},"excerpt":{"rendered":"<p>TIBCO BusinessWorks\u00a0to obecnie jedna z najbardziej rozpoznawalnych platform integracyjnych. Niew\u0105tpliw\u0105 zalet\u0105 produkt\u00f3w przygotowanych przez kalifornijskiego producenta jest r\u00f3\u017cnorodno\u015b\u0107 dostarczanych komponent\u00f3w, kt\u00f3re prawie w stu procentach wystarczaj\u0105 do zbudowania kompletnego \u015brodowiska EAI. Dodatkowym<a class=\"moretag\" href=\"https:\/\/resotech.pl\/?page_id=87\">Read More&#8230;<\/a><\/p>\n","protected":false},"author":1,"featured_media":0,"parent":59,"menu_order":0,"comment_status":"closed","ping_status":"closed","template":"","meta":[],"_links":{"self":[{"href":"https:\/\/resotech.pl\/index.php?rest_route=\/wp\/v2\/pages\/87"}],"collection":[{"href":"https:\/\/resotech.pl\/index.php?rest_route=\/wp\/v2\/pages"}],"about":[{"href":"https:\/\/resotech.pl\/index.php?rest_route=\/wp\/v2\/types\/page"}],"author":[{"embeddable":true,"href":"https:\/\/resotech.pl\/index.php?rest_route=\/wp\/v2\/users\/1"}],"replies":[{"embeddable":true,"href":"https:\/\/resotech.pl\/index.php?rest_route=%2Fwp%2Fv2%2Fcomments&post=87"}],"version-history":[{"count":1,"href":"https:\/\/resotech.pl\/index.php?rest_route=\/wp\/v2\/pages\/87\/revisions"}],"predecessor-version":[{"id":88,"href":"https:\/\/resotech.pl\/index.php?rest_route=\/wp\/v2\/pages\/87\/revisions\/88"}],"up":[{"embeddable":true,"href":"https:\/\/resotech.pl\/index.php?rest_route=\/wp\/v2\/pages\/59"}],"wp:attachment":[{"href":"https:\/\/resotech.pl\/index.php?rest_route=%2Fwp%2Fv2%2Fmedia&parent=87"}],"curies":[{"name":"wp","href":"https:\/\/api.w.org\/{rel}","templated":true}]}}